 value of -26 + (-19 - (16 + -44) - -7)?
-10
Evaluate 1 + (8 - 1) + -4 + 1 - 7.
-2
Calculate 0 + (-10 - (-7 - (-4 - 4))).
-11
447 - 449 - (0 + 15 - (2 - 4))
-19
Calculate 73 + -105 + -1 + -3.
-36
What is the value of -9 + 0 + -17 + 42 + -20 + 24?
20
What is the value of -18 + 25 + -1 + -31?
-25
Evaluate -10 + 1 + (-18 - (-9 + -23)) - 12.
-7
What is (12 - -1) + 12 + -41?
-16
What is 70 + -81 + (4 - -1) + (-8 - -15)?
1
What is -2 - (-13 + 7 + 5 - (1 + -7))?
-7
Calculate -4 + 9 + (-3 - -3 - (0 - -4)).
1
Calculate 20 - ((8 - 0) + 0 + -6).
18
What is (10 - (-6 - -6) - 28) + 8 + -14?
-24
Calculate -1 + (3 + -28 + 2 - (-27 + 22)).
-19
3 + 10 + -4 - 16 - (2 - -5)
-14
Calculate 13 - 0 - (2 - 2) - (-339 - -342).
10
What is the value of 9 - (4 + -13 + -9 + 18 + -16)?
25
What is (-19 + 11 - -8) + 5 + 6 - 21?
-10
32 + (-10 - 5) - 18
-1
Calculate 6 - 3 - -3 - (8 - 4 - -2).
0
Evaluate 2 - (28 + -14 + -39 + 2).
25
-5 + 11 + -30 - -12
-12
4 + 7 + (-2 - 8) + 1 + -1
1
What is 3 + (-5 - -16) + -47 + -3?
-36
What is (-3 - ((0 - 6) + 3)) + -2 + -2?
-4
Evaluate (2 + -2 + 2 - -4) + -16 + 17.
7
Evaluate (17 - 31) + 10 + (-16 - -6).
-14
What is the value of -137 - -135 - (-19 + 2 - 2)?
17
50 + -74 - (2 - ((-5 - -4) + -6))
-33
Calculate (-11 - (-25 + 28)) + 24.
10
What is (-7 - (8 + -10)) + 7 + (1 - 31)?
-28
Calculate (-26 - -47 - 34) + 31.
18
What is the value of (-15 - -9 - 8) + 1?
-13
Evaluate -328 - -324 - (0 - 27).
23
(-4 - (-11 + (13 - 9) + -5)) + 1
9
Evaluate (-4 - (-5 - 2)) + 5 + -8.
0
Calculate (2 - 3) + 1 - (4 - 5).
1
What is -5 + -4 - (8 + -6 - (7 - 1))?
-5
Calculate (-2 - 2 - 1) + (-12 - -15 - -5).
3
What is -38 - (29 - 67) - (3 + 0 + -1)?
-2
-15 + (-6 - ((4 - -5) + (6 - 17)))
-19
What is the value of (63 - 86) + (2 - -3) + 7?
-11
Calculate 19 + (11 - 36) + 0.
-6
What is the value of 0 - (-9 - (11 + -9 - -3))?
14
What is the value of (3 - -4 - ((-5 - 0) + -8)) + 1?
21
Calculate 1 + (-12 - (4 + -2 + -5)).
-8
What is the value of (8 - (-4 + 10)) + (-21 - -4)?
-15
-8 - (-33 - ((7 + -10 - 8) + 6))
20
18 + 37 + -14 + -26
15
Calculate 2 - (4 + -6) - 14 - (-74 + 32).
32
Evaluate (1 + -16 - -9) + -8 + 12.
-2
(-45 - -58) + -2 + 2
13
What is the value of (-1 - (-7 - -2 - 1)) + -2?
3
11 - 20 - (-5 - -1) - 14
-19
Evaluate -12 - (5 - (-3 - -11) - 3).
-6
Calculate -3 - (-7 - 4) - ((-8 - -11) + -28).
33
(-6 - (3 + (4 - 7))) + -9
-15
Calculate 27 + (-14 - (-11 - -33)).
-9
Evaluate (12 - 6) + -8 - (14 - (8 + -2)).
-10
Calculate (3 - (-6 + 3) - -4) + -27 + 5.
-12
-44 + -11 + 30 - -24
-1
-26 + (30 - (-16 + 26))
-6
What is the value of 55 + -81 + -14 + 14?
-26
What is (5 + -4 + -2 - -7) + -22 + 1?
-15
What is the value of 0 - (0 - (-2 + 1 - -6) - -5)?
0
Evaluate (7 - ((0 - -18) + -9)) + -5.
-7
What is -4 + 9 + (4 - -7) + -30?
-14
What is 16 + (-27 - -15) - -7?
11
(-22 - 0) + -78 + 95
-5
What is the value of -4 - (-4 + -3) - 3 - -12?
12
What is 1 - 19 - (11 - (12 - (2 - 6)))?
-13
Evaluate (1 + -10 - -20) + -7.
4
5 - (8 - (-5 - -7)) - (11 + -5)
-7
What is 0 + -7 - (-5 + 18 - 13)?
-7
Calculate (2 - 1) + 10 + (2 - 16) - -4.
1
(3 - 0) + (-4 - (7 - 11 - -3))
0
What is 2 - (-18 - (-2 + -2) - -26)?
-10
What is -17 - (-15 + 4 + -24)?
18
What is the value of 63 + -30 - (8 - -18)?
7
4 - 5 - (2 + 8 + -1 + -3)
-7
Evaluate 190 + -202 - (-19 - 3).
10
(33 + 35 - 64) + (-26 - 1)
-23
What is the value of 26 + 15 + -30 + -8 + -18?
-15
Calculate 6 + -2 - (-25 + (27 - -30)).
-28
What is the value of (-24 - -7 - (0 - 9)) + 3 + 1?
-4
What is the value of -31 - -7 - (7 - (6 + 3))?
-22
What is (6 - (-4 + 5) - 9) + (-21 - -12)?
-13
(2 - 4) + 1 + (-11 - 10 - -14)
-8
Evaluate -84 - -61 - -30 - (0 - -43).
-36
Calculate (-29 - (-46 - -8)) + -32.
-23
Calculate -3 + 8 + (-6 - (-1 - 1)).
1
What is -4 + 3 + (-1 + -4 - -4 - -2)?
0
Evaluate 21 - (65 + -40) - -11.
7
Evaluate 3 + -22 + 9 - (-2 + -20).
12
(14 + -27 - -41 - 8) + -39
-19
Evaluate 34 + -23 - (7 - 11 - -2).
13
What is the value of 6 - ((19 - 6) + -8) - 17?
-16
What is the value of -7 + 7 + -8 - -13?
5
What is the value of 1 + -5 - (39 - (-32 - -72))?
-3
What is -6 + 11 + (-1 - -9) + 6?
19
What is 0 - (-112 - -100 - (-23 - -2))?
-9
-19 - (-34 - (-24 + -26))
-35
What is the value of 1 + 27 + (4 - (4 + 9)) + 2?
21
(19 - 21 - -22) + -8
12
Calculate -82 + 91 - ((-1 - 2) + -2).
14
What is -138 + 141 - (1 + 12)?
-10
Calculate (-5 - -1 - -10) + (-85 - -49).
-30
What is the value of (94 + -50 - 22) + (-1 - -5)?
26
-43 + 47 + (8 - (-8 + 3 - -3))
14
What is the value of 10 + 14 + -11 - (1 + 8)?
4
What is -11 + (22 - (-7 - (-4 + 4)))?
18
Calculate -7 - (-80 - -73 - ((0 - 1) + -10)).
-11
Calculate -163 + 164 - (1 - (3 - (-19 + -1))).
23
Calculate 300 + -300 - (-6 - -3 - -33).
-30
What is the value of 0 + 9 + 250 + -263?
-4
What is 0 + -9 - (-14 + 16 + 4)?
-15
What is the value of -7 + 11 + (6 - (4 - (7 + -9)))?
4
-8 + (0 - (-33 + 12))
13
What is (-7 - -54) + -49 + (-1 + 0 - 5)?
-8
What is 46 + -39 - (0 + -1)?
8
What is -30 - (8 + -5 + -2 + -13)?
-18
What is 11 + -7 + 11 + -17?
-2
What is (-2 + -7 - 7) + (0 - -3) + -4?
-17
71 + -48 + 2 + -17
8
-27 - (-13 - -34 - 45)
-3
8 + -6 + 18 + (-46 - 2)
-28
What is the value of -22 + -2 + 3 + (-695 - -703)?
-13
What is the value of 4 - -8 - (-6 + -17 + 17)?
18
-12 - ((-5 - (15 - 21)) + 12)
-25
What is the value of -9 + (-6 - (-21 - (15 - 9) - 1))?
13
What is 9 + -1 - (1 + (64 - 89))?
32
Evaluate -34 - (26 - (-32 - -66)).
-26
Evaluate -19 - -1 - -3 - -25 - (1 + -30).
39
What is -1 + 3 + 4 + 3 + 1?
10
What is the value of -23 - (11 + -35 + 22)?
-21
2 + (1 - -2 - (31 - 19))
-7
Calculate -28 - ((-6 - 0) + -107 + 103).
-18
Calculate -18 + (0 - -9) + -19.
-28
What is the value of -1 - (3 + -7 + 9) - (-16 - -1)?
9
What is -11 + (25 - (0 - (-2 - 2)))?
10
7 + -2 + -18 + 25
12
What is -25 + 3 - -16 - -9?
3
Calculate -37 + -30 + 106 - 22.
17
Evaluate 36 + (4 - 6) + (-13 - -2).
23
What is (14 - -2) + (16 + 0 - 8) + -6?
18
What is the value of 17 + -6 + -4 - (2 + 5 - -14)?
-14
Calculate (1 - -1) + (46 - 15) + -25.
8
(12 + (4 - 30) - -6) + 2
-6
10 - (-3 + 3 + 30)
-20
-4 - (10 + 8 + (-24 - -7))
-5
Evaluate (-414 - -419) + (3 - -11).
19
What is the value of 6 - (3 + 7 - (8 - 8)) - -2?
-2
23 - -1 - (35 + -20)
9
Calculate (5 - -2) + (-16 - (-21 - -9)).
3
What is the value of -29 - (-18 - (10 + -12))?
-13
Calculate -20 + 2 - -29 - 11.
0
What is 13 + -4 + (48 - 64)?
-7
What is the value of 13 - (6 - (-10 + 0)) - -4?
1
Evaluate (76 + -85 - (2 + -1)) + (-7 - -5).
-12
Evaluate 3 - (15 - (11 - 6)).
-7
-4 + (-2 - (-13 + 4))
3
What is -9 - (17 + 2 + -17)?
-11
What is the value of -5 - (-13 - 5 - -8)?
5
Calculate 28 + -41 - -21 - (32 - 0).
-24
What is the value of 7 + 2 - (11 - (9 + (4 - 8)))?
3
What is 0 + (-8 + 10 - (11 + (2 - 2)))?
-9
20 - 39 - (-13 - (27 - -1))
22
What is -18 - -3 - ((-1 + 17 - 4) + -11)?
-16
What is 0 + (0 - 0) + 1 + -7 + 11?
5
-26 + 38 + 0 + 6
18
What is the value of (24 - 67) + (6 - (6 - 4))?
-39
2 - 2 - 11 - -9
-2
Evaluate -5 + 4 - -11 - ((32 - -6) + -21).
-7
What is 22 - ((-13 + 14 - -2) + (-1 - -8))?
12
Evaluate 5 - (-19 - -16) - 14.
-6
What is -8 + (1 - -4 - 0) + -9?
-12
What is the value of 6 + (3 - 8 - (-3 + 9 - 6))?
1
What is 23 - 3 - (-1 - (-11 - (-11 - -6)))?
15
-25 - (15 + -49 + 4)
5
-11 + 13 + 6 + 4
12
What is the value of 9 + 7 + -29 - -4?
-9
Calculate -8 + 8 - -12 - (6 - 6 - -2).
10
Calculate -1 + 9 + (-25 - (12 - 23)).
-6
Evaluate (3 - -8) + -20 - 3.
-12
What is the value of -2 - (6 - 5) - (-2 + 0 + 6)?
-7
What is (-4 - -20) + (-9 - (3 + -4))?
8
Calculate (1 - (3 + -5 + 0)) + 3.
6
What is the value of 2 + 16 + -13 + (1 - 9) + -4?
-7
Evaluate 50 + -52 + (-4 - -46).
40
Calculate -2 + (0 - -5) + -5 + -4 - -24.
18
8 + -1 + -83 + 77
1
2 + -8 + 12 - (21 - 23)
8
(1 - (4 - (-3 - -6))) + (-7 - 2)
-9
-6 - 0 - (-15 - -3 - (64 + -77))
-7
1 + (8 - (8 - (-13 - -7)))
-5
What is -27 + 22 + (-3 - -1) + 4 + 4?
1
-6 + (4 - (13 - 14))
-1
Evaluate (-30 - -46 - -8) + (-6 - -2).
20
What is the value of 13 + (7 - 9) + -15 + 4?
0
What is the value of -28 - -56 - (16 + -12 - (-1 - -2))?
25
What is the value of (-3479 - -3487) + (-5 - (0 + 0 + 1))?
2
What is the value of -15 + 15 + -6 + (-8 - (-1 - 1))?
-12
(-1 - -12) + (5 - 9) + -22
-15
Evaluate 3 + -16 - 1 - (-2 - (-18 - -12)).
-18
What is 5 - (20 + -1) - -10 - (-19 + 1)?
14
Calculate -